{"id":153,"date":"2019-11-20T13:17:42","date_gmt":"2019-11-20T12:17:42","guid":{"rendered":"http:\/\/dirkhaupt.de\/wordpress\/?page_id=153"},"modified":"2020-02-25T18:32:31","modified_gmt":"2020-02-25T17:32:31","slug":"vita","status":"publish","type":"page","link":"https:\/\/dirkhaupt.de\/index.php\/vita\/","title":{"rendered":"Vita"},"content":{"rendered":"\n<p>\n\tgeboren 01.02.1965 in Schw\u00e4bisch Gm\u00fcnd<br><br>\n\t<strong>1985<\/strong><br>\n\tAbitur<br>\n\t<strong>1987-1993<\/strong><br>\n\tKunststudium bei H.-J. Diehl an der Hdk Berlin<br>\n\t<strong>1993<\/strong><br>\n\tMeistersch\u00fcler der HdK Berlin<br>\n\t<strong>1993-1996<\/strong><br>\n\tMalerei bei Ernst Caramelle, an der HdbK; Karlsruhe<br>\n\tStudium der Mathematik an der Universit\u00e4t Karlsruhe<br>\n\t<strong>seit 1998<\/strong><br>\n\tLebt und arbeitet in Karlsruhe\n<\/p>\n\n\n\n<h2 class=\"wp-block-heading\">Einzelausstellungen <\/h2>\n\n\n\n<p>\t<strong>2017<\/strong><br>\n\t Galeria d Angelo , Basel<br><strong>2008<\/strong><br>\n\t&#8222;Lake&#8220;, Galerie Clemens Thimme, Karlsruhe<br>\n\t<strong>2007<\/strong><br>\n\tPoly Galerie, Karlsruhe<br>\n\t<strong>2004<\/strong><br>\n\tGalerie Margit Haupt<br>\n\t<strong>2002<\/strong><br>\n\tRaum2 des Kunstvereins Mannheim<br>\n\t<strong>1993<\/strong><br>\n\tBauzaun am Alexanderplatz; Berlin<br>\n\t<strong>1992<\/strong><br>\n\tNeue Galerie, Berlin<br>\n\t<strong>1992<\/strong><br>\n\tStadtscheuer, Waldshut, Verleihung des Br\u00e4unlich &#8211; Bieser Preises\n\t\n\n<\/p>\n\n\n\n<h2 class=\"wp-block-heading\">Gruppenausstellungen <\/h2>\n\n\n\n<p> <strong>2014<\/strong><br> &#8222;Out of Silence&#8220;; Gallery Pilscheuer ;Basel<br> <strong>2011<\/strong><br> Tabakmagazin; Stutensee<br><strong>2010<\/strong><br> &#8222;Simulationen&#8220;; Kunstraum Morgenstrasse; Karlsruhe<br> <strong>2010<\/strong><br> &#8222;Lands End&#8220;;Shedhalle; Zuerich<br> <strong>2008<\/strong><br> Prototypen;Stiftung Brandenburger Tor; Berlin<br> <strong>2008<\/strong><br> Grosse Kunstausstellung; Haus der Kunst; M\u00fcnchen<br> <strong>2008<\/strong><br> UND#3; Karlsruhe<br> <strong>1991<\/strong><br> &#8222;Neues Queue&#8220;; Berlin<br> <strong>1990<\/strong><br> Altarbild Geist und K\u00f6rper; Berlin <\/p>\n","protected":false},"excerpt":{"rendered":"<p>geboren 01.02.1965 in Schw\u00e4bisch Gm\u00fcnd 1985 Abitur 1987-1993 Kunststudium bei H.-J. Diehl an der Hdk Berlin 1993 Meistersch\u00fcler der HdK Berlin 1993-1996 Malerei bei Ernst Caramelle, an der HdbK; Karlsruhe Studium der Mathematik an der Universit\u00e4t Karlsruhe seit 1998 Lebt und arbeitet in Karlsruhe Einzelausstellungen 2017 Galeria d Angelo , Basel2008 &#8222;Lake&#8220;, Galerie Clemens Thimme, [&hellip;]<\/p>\n","protected":false},"author":1,"featured_media":0,"parent":0,"menu_order":0,"comment_status":"closed","ping_status":"closed","template":"","meta":{"footnotes":""},"class_list":["post-153","page","type-page","status-publish","hentry","missing-thumbnail"],"_links":{"self":[{"href":"https:\/\/dirkhaupt.de\/index.php\/wp-json\/wp\/v2\/pages\/153","targetHints":{"allow":["GET"]}}],"collection":[{"href":"https:\/\/dirkhaupt.de\/index.php\/wp-json\/wp\/v2\/pages"}],"about":[{"href":"https:\/\/dirkhaupt.de\/index.php\/wp-json\/wp\/v2\/types\/page"}],"author":[{"embeddable":true,"href":"https:\/\/dirkhaupt.de\/index.php\/wp-json\/wp\/v2\/users\/1"}],"replies":[{"embeddable":true,"href":"https:\/\/dirkhaupt.de\/index.php\/wp-json\/wp\/v2\/comments?post=153"}],"version-history":[{"count":1,"href":"https:\/\/dirkhaupt.de\/index.php\/wp-json\/wp\/v2\/pages\/153\/revisions"}],"predecessor-version":[{"id":648,"href":"https:\/\/dirkhaupt.de\/index.php\/wp-json\/wp\/v2\/pages\/153\/revisions\/648"}],"wp:attachment":[{"href":"https:\/\/dirkhaupt.de\/index.php\/wp-json\/wp\/v2\/media?parent=153"}],"curies":[{"name":"wp","href":"https:\/\/api.w.org\/{rel}","templated":true}]}}

<p>
	geboren 01.02.1965 in Schwäbisch Gmünd<br><br>
	<strong>1985</strong><br>
	Abitur<br>
	<strong>1987-1993</strong><br>
	Kunststudium bei H.-J. Diehl an der Hdk Berlin<br>
	<strong>1993</strong><br>
	Meisterschüler der HdK Berlin<br>
	<strong>1993-1996</strong><br>
	Malerei bei Ernst Caramelle, an der HdbK; Karlsruhe<br>
	Studium der Mathematik an der Universität Karlsruhe<br>
	<strong>seit 1998</strong><br>
	Lebt und arbeitet in Karlsruhe
</p>



<h2 class="wp-block-heading">Einzelausstellungen </h2>



<p>	<strong>2017</strong><br>
	 Galeria d Angelo , Basel<br><strong>2008</strong><br>
	&#8222;Lake&#8220;, Galerie Clemens Thimme, Karlsruhe<br>
	<strong>2007</strong><br>
	Poly Galerie, Karlsruhe<br>
	<strong>2004</strong><br>
	Galerie Margit Haupt<br>
	<strong>2002</strong><br>
	Raum2 des Kunstvereins Mannheim<br>
	<strong>1993</strong><br>
	Bauzaun am Alexanderplatz; Berlin<br>
	<strong>1992</strong><br>
	Neue Galerie, Berlin<br>
	<strong>1992</strong><br>
	Stadtscheuer, Waldshut, Verleihung des Bräunlich &#8211; Bieser Preises
	

</p>



<h2 class="wp-block-heading">Gruppenausstellungen </h2>



<p> <strong>2014</strong><br> &#8222;Out of Silence&#8220;; Gallery Pilscheuer ;Basel<br> <strong>2011</strong><br> Tabakmagazin; Stutensee<br><strong>2010</strong><br> &#8222;Simulationen&#8220;; Kunstraum Morgenstrasse; Karlsruhe<br> <strong>2010</strong><br> &#8222;Lands End&#8220;;Shedhalle; Zuerich<br> <strong>2008</strong><br> Prototypen;Stiftung Brandenburger Tor; Berlin<br> <strong>2008</strong><br> Grosse Kunstausstellung; Haus der Kunst; München<br> <strong>2008</strong><br> UND#3; Karlsruhe<br> <strong>1991</strong><br> &#8222;Neues Queue&#8220;; Berlin<br> <strong>1990</strong><br> Altarbild Geist und Körper; Berlin </p>

<p>geboren 01.02.1965 in Schwäbisch Gmünd 1985 Abitur 1987-1993 Kunststudium bei H.-J. Diehl an der Hdk Berlin 1993 Meisterschüler der HdK Berlin 1993-1996 Malerei bei Ernst Caramelle, an der HdbK; Karlsruhe Studium der Mathematik an der Universität Karlsruhe seit 1998 Lebt und arbeitet in Karlsruhe Einzelausstellungen 2017 Galeria d Angelo , Basel2008 &#8222;Lake&#8220;, Galerie Clemens Thimme, [&hellip;]</p>
